{"id":3,"date":"2026-02-13T16:10:27","date_gmt":"2026-02-13T16:10:27","guid":{"rendered":"http:\/\/melanij.cluster027.hosting.ovh.net\/?page_id=3"},"modified":"2026-02-16T12:02:40","modified_gmt":"2026-02-16T11:02:40","slug":"politique-de-confidentialite","status":"publish","type":"page","link":"https:\/\/melanienaturo.fr\/index.php\/politique-de-confidentialite\/","title":{"rendered":"Politique de confidentialit\u00e9"},"content":{"rendered":"\n<h2 class=\"wp-block-heading\">Qui sommes-nous&nbsp;?<\/h2>\n\n\n\n<p>L\u2019adresse de notre site est\u00a0: https:\/\/melanienaturo.fr.<\/p>\n\n\n\n<h2 class=\"wp-block-heading\">Cookies<\/h2>\n\n\n\n<p>Si vous vous rendez sur la page de connexion, un cookie temporaire sera cr\u00e9\u00e9 afin de d\u00e9terminer si votre navigateur accepte les cookies. Il ne contient pas de donn\u00e9es personnelles et sera supprim\u00e9 automatiquement \u00e0 la fermeture de votre navigateur.<\/p>\n\n\n\n<p>Lorsque vous vous connecterez, nous mettrons en place un certain nombre de cookies pour enregistrer vos informations de connexion et vos pr\u00e9f\u00e9rences d\u2019\u00e9cran. La dur\u00e9e de vie d\u2019un cookie de connexion est de deux jours, celle d\u2019un cookie d\u2019option d\u2019\u00e9cran est d\u2019un an. Si vous cochez \u00ab&nbsp;Se souvenir de moi&nbsp;\u00bb, votre cookie de connexion sera conserv\u00e9 pendant deux semaines. Si vous vous d\u00e9connectez de votre compte, le cookie de connexion sera effac\u00e9.<\/p>\n\n\n\n<h2 class=\"wp-block-heading\">Contenu embarqu\u00e9 depuis d\u2019autres sites<\/h2>\n\n\n\n<p>Les articles de ce site peuvent inclure des contenus int\u00e9gr\u00e9s (par exemple des vid\u00e9os, images, articles\u2026). Le contenu int\u00e9gr\u00e9 depuis d\u2019autres sites se comporte de la m\u00eame mani\u00e8re que si le visiteur se rendait sur cet autre site.<\/p>\n\n\n\n<p>Ces sites web pourraient collecter des donn\u00e9es sur vous, utiliser des cookies, embarquer des outils de suivis tiers, suivre vos interactions avec ces contenus embarqu\u00e9s si vous disposez d\u2019un compte connect\u00e9 sur leur site web.<\/p>\n\n\n\n<h2 class=\"wp-block-heading\">Les droits que vous avez sur vos donn\u00e9es<\/h2>\n\n\n\n<p>Si vous avez laiss\u00e9 une demande de r\u00e9servation sur le site, vous pouvez demander \u00e0 recevoir un fichier contenant toutes les donn\u00e9es personnelles que nous poss\u00e9dons \u00e0 votre sujet, incluant celles que vous nous avez fournies. Vous pouvez \u00e9galement demander la suppression des donn\u00e9es personnelles vous concernant. Cela ne prend pas en compte les donn\u00e9es stock\u00e9es \u00e0 des fins administratives, l\u00e9gales ou pour des raisons de s\u00e9curit\u00e9.<\/p>\n\n\n\n<h2 class=\"wp-block-heading\"><\/h2>\n","protected":false},"excerpt":{"rendered":"<p>Qui sommes-nous&nbsp;? L\u2019adresse de notre site est\u00a0: https:\/\/melanienaturo.fr. Cookies Si vous vous rendez sur la page de connexion, un cookie temporaire sera cr\u00e9\u00e9 afin de d\u00e9terminer si votre navigateur accepte les cookies. Il ne contient pas de donn\u00e9es personnelles et sera supprim\u00e9 automatiquement \u00e0 la fermeture de votre navigateur. Lorsque vous vous connecterez, nous mettrons [&hellip;]<\/p>\n","protected":false},"author":1,"featured_media":0,"parent":0,"menu_order":0,"comment_status":"closed","ping_status":"open","template":"","meta":{"footnotes":""},"class_list":["post-3","page","type-page","status-publish","hentry"],"yoast_head":"<!-- This site is optimized with the Yoast SEO plugin v27.4 - https:\/\/yoast.com\/product\/yoast-seo-wordpress\/ -->\n<title>Politique de confidentialit\u00e9 - M\u00e9lanie Druesne Naturopathe<\/title>\n<meta name=\"robots\" content=\"index, follow, max-snippet:-1, max-image-preview:large, max-video-preview:-1\" \/>\n<link rel=\"canonical\" href=\"https:\/\/melanienaturo.fr\/index.php\/politique-de-confidentialite\/\" \/>\n<meta property=\"og:locale\" content=\"fr_FR\" \/>\n<meta property=\"og:type\" content=\"article\" \/>\n<meta property=\"og:title\" content=\"Politique de confidentialit\u00e9 - M\u00e9lanie Druesne Naturopathe\" \/>\n<meta property=\"og:description\" content=\"Qui sommes-nous&nbsp;? L\u2019adresse de notre site est\u00a0: https:\/\/melanienaturo.fr. Cookies Si vous vous rendez sur la page de connexion, un cookie temporaire sera cr\u00e9\u00e9 afin de d\u00e9terminer si votre navigateur accepte les cookies. Il ne contient pas de donn\u00e9es personnelles et sera supprim\u00e9 automatiquement \u00e0 la fermeture de votre navigateur. Lorsque vous vous connecterez, nous mettrons [&hellip;]\" \/>\n<meta property=\"og:url\" content=\"https:\/\/melanienaturo.fr\/index.php\/politique-de-confidentialite\/\" \/>\n<meta property=\"og:site_name\" content=\"M\u00e9lanie Druesne Naturopathe\" \/>\n<meta property=\"article:modified_time\" content=\"2026-02-16T11:02:40+00:00\" \/>\n<meta name=\"twitter:card\" content=\"summary_large_image\" \/>\n<meta name=\"twitter:label1\" content=\"Dur\u00e9e de lecture estim\u00e9e\" \/>\n\t<meta name=\"twitter:data1\" content=\"2 minutes\" \/>\n<script type=\"application\/ld+json\" class=\"yoast-schema-graph\">{\"@context\":\"https:\\\/\\\/schema.org\",\"@graph\":[{\"@type\":\"WebPage\",\"@id\":\"https:\\\/\\\/melanienaturo.fr\\\/index.php\\\/politique-de-confidentialite\\\/\",\"url\":\"https:\\\/\\\/melanienaturo.fr\\\/index.php\\\/politique-de-confidentialite\\\/\",\"name\":\"Politique de confidentialit\u00e9 - M\u00e9lanie Druesne Naturopathe\",\"isPartOf\":{\"@id\":\"https:\\\/\\\/melanienaturo.fr\\\/#website\"},\"datePublished\":\"2026-02-13T16:10:27+00:00\",\"dateModified\":\"2026-02-16T11:02:40+00:00\",\"breadcrumb\":{\"@id\":\"https:\\\/\\\/melanienaturo.fr\\\/index.php\\\/politique-de-confidentialite\\\/#breadcrumb\"},\"inLanguage\":\"fr-FR\",\"potentialAction\":[{\"@type\":\"ReadAction\",\"target\":[\"https:\\\/\\\/melanienaturo.fr\\\/index.php\\\/politique-de-confidentialite\\\/\"]}]},{\"@type\":\"BreadcrumbList\",\"@id\":\"https:\\\/\\\/melanienaturo.fr\\\/index.php\\\/politique-de-confidentialite\\\/#breadcrumb\",\"itemListElement\":[{\"@type\":\"ListItem\",\"position\":1,\"name\":\"Accueil\",\"item\":\"https:\\\/\\\/melanienaturo.fr\\\/\"},{\"@type\":\"ListItem\",\"position\":2,\"name\":\"Politique de confidentialit\u00e9\"}]},{\"@type\":\"WebSite\",\"@id\":\"https:\\\/\\\/melanienaturo.fr\\\/#website\",\"url\":\"https:\\\/\\\/melanienaturo.fr\\\/\",\"name\":\"M\u00e9lanie Druesne Naturopathe\",\"description\":\"Naturopathie et ateliers en Essonne 91\",\"publisher\":{\"@id\":\"https:\\\/\\\/melanienaturo.fr\\\/#\\\/schema\\\/person\\\/1f9d534f982cf478ce9f8207c5a6e0f9\"},\"potentialAction\":[{\"@type\":\"SearchAction\",\"target\":{\"@type\":\"EntryPoint\",\"urlTemplate\":\"https:\\\/\\\/melanienaturo.fr\\\/?s={search_term_string}\"},\"query-input\":{\"@type\":\"PropertyValueSpecification\",\"valueRequired\":true,\"valueName\":\"search_term_string\"}}],\"inLanguage\":\"fr-FR\"},{\"@type\":[\"Person\",\"Organization\"],\"@id\":\"https:\\\/\\\/melanienaturo.fr\\\/#\\\/schema\\\/person\\\/1f9d534f982cf478ce9f8207c5a6e0f9\",\"name\":\"admin6255\",\"image\":{\"@type\":\"ImageObject\",\"inLanguage\":\"fr-FR\",\"@id\":\"https:\\\/\\\/melanienaturo.fr\\\/wp-content\\\/uploads\\\/2026\\\/02\\\/LogoHEader.jpg\",\"url\":\"https:\\\/\\\/melanienaturo.fr\\\/wp-content\\\/uploads\\\/2026\\\/02\\\/LogoHEader.jpg\",\"contentUrl\":\"https:\\\/\\\/melanienaturo.fr\\\/wp-content\\\/uploads\\\/2026\\\/02\\\/LogoHEader.jpg\",\"width\":324,\"height\":188,\"caption\":\"admin6255\"},\"logo\":{\"@id\":\"https:\\\/\\\/melanienaturo.fr\\\/wp-content\\\/uploads\\\/2026\\\/02\\\/LogoHEader.jpg\"},\"sameAs\":[\"http:\\\/\\\/melanij.cluster027.hosting.ovh.net\"]}]}<\/script>\n<!-- \/ Yoast SEO plugin. -->","yoast_head_json":{"title":"Politique de confidentialit\u00e9 - M\u00e9lanie Druesne Naturopathe","robots":{"index":"index","follow":"follow","max-snippet":"max-snippet:-1","max-image-preview":"max-image-preview:large","max-video-preview":"max-video-preview:-1"},"canonical":"https:\/\/melanienaturo.fr\/index.php\/politique-de-confidentialite\/","og_locale":"fr_FR","og_type":"article","og_title":"Politique de confidentialit\u00e9 - M\u00e9lanie Druesne Naturopathe","og_description":"Qui sommes-nous&nbsp;? L\u2019adresse de notre site est\u00a0: https:\/\/melanienaturo.fr. Cookies Si vous vous rendez sur la page de connexion, un cookie temporaire sera cr\u00e9\u00e9 afin de d\u00e9terminer si votre navigateur accepte les cookies. Il ne contient pas de donn\u00e9es personnelles et sera supprim\u00e9 automatiquement \u00e0 la fermeture de votre navigateur. Lorsque vous vous connecterez, nous mettrons [&hellip;]","og_url":"https:\/\/melanienaturo.fr\/index.php\/politique-de-confidentialite\/","og_site_name":"M\u00e9lanie Druesne Naturopathe","article_modified_time":"2026-02-16T11:02:40+00:00","twitter_card":"summary_large_image","twitter_misc":{"Dur\u00e9e de lecture estim\u00e9e":"2 minutes"},"schema":{"@context":"https:\/\/schema.org","@graph":[{"@type":"WebPage","@id":"https:\/\/melanienaturo.fr\/index.php\/politique-de-confidentialite\/","url":"https:\/\/melanienaturo.fr\/index.php\/politique-de-confidentialite\/","name":"Politique de confidentialit\u00e9 - M\u00e9lanie Druesne Naturopathe","isPartOf":{"@id":"https:\/\/melanienaturo.fr\/#website"},"datePublished":"2026-02-13T16:10:27+00:00","dateModified":"2026-02-16T11:02:40+00:00","breadcrumb":{"@id":"https:\/\/melanienaturo.fr\/index.php\/politique-de-confidentialite\/#breadcrumb"},"inLanguage":"fr-FR","potentialAction":[{"@type":"ReadAction","target":["https:\/\/melanienaturo.fr\/index.php\/politique-de-confidentialite\/"]}]},{"@type":"BreadcrumbList","@id":"https:\/\/melanienaturo.fr\/index.php\/politique-de-confidentialite\/#breadcrumb","itemListElement":[{"@type":"ListItem","position":1,"name":"Accueil","item":"https:\/\/melanienaturo.fr\/"},{"@type":"ListItem","position":2,"name":"Politique de confidentialit\u00e9"}]},{"@type":"WebSite","@id":"https:\/\/melanienaturo.fr\/#website","url":"https:\/\/melanienaturo.fr\/","name":"M\u00e9lanie Druesne Naturopathe","description":"Naturopathie et ateliers en Essonne 91","publisher":{"@id":"https:\/\/melanienaturo.fr\/#\/schema\/person\/1f9d534f982cf478ce9f8207c5a6e0f9"},"potentialAction":[{"@type":"SearchAction","target":{"@type":"EntryPoint","urlTemplate":"https:\/\/melanienaturo.fr\/?s={search_term_string}"},"query-input":{"@type":"PropertyValueSpecification","valueRequired":true,"valueName":"search_term_string"}}],"inLanguage":"fr-FR"},{"@type":["Person","Organization"],"@id":"https:\/\/melanienaturo.fr\/#\/schema\/person\/1f9d534f982cf478ce9f8207c5a6e0f9","name":"admin6255","image":{"@type":"ImageObject","inLanguage":"fr-FR","@id":"https:\/\/melanienaturo.fr\/wp-content\/uploads\/2026\/02\/LogoHEader.jpg","url":"https:\/\/melanienaturo.fr\/wp-content\/uploads\/2026\/02\/LogoHEader.jpg","contentUrl":"https:\/\/melanienaturo.fr\/wp-content\/uploads\/2026\/02\/LogoHEader.jpg","width":324,"height":188,"caption":"admin6255"},"logo":{"@id":"https:\/\/melanienaturo.fr\/wp-content\/uploads\/2026\/02\/LogoHEader.jpg"},"sameAs":["http:\/\/melanij.cluster027.hosting.ovh.net"]}]}},"_links":{"self":[{"href":"https:\/\/melanienaturo.fr\/index.php\/wp-json\/wp\/v2\/pages\/3","targetHints":{"allow":["GET"]}}],"collection":[{"href":"https:\/\/melanienaturo.fr\/index.php\/wp-json\/wp\/v2\/pages"}],"about":[{"href":"https:\/\/melanienaturo.fr\/index.php\/wp-json\/wp\/v2\/types\/page"}],"author":[{"embeddable":true,"href":"https:\/\/melanienaturo.fr\/index.php\/wp-json\/wp\/v2\/users\/1"}],"replies":[{"embeddable":true,"href":"https:\/\/melanienaturo.fr\/index.php\/wp-json\/wp\/v2\/comments?post=3"}],"version-history":[{"count":2,"href":"https:\/\/melanienaturo.fr\/index.php\/wp-json\/wp\/v2\/pages\/3\/revisions"}],"predecessor-version":[{"id":116,"href":"https:\/\/melanienaturo.fr\/index.php\/wp-json\/wp\/v2\/pages\/3\/revisions\/116"}],"wp:attachment":[{"href":"https:\/\/melanienaturo.fr\/index.php\/wp-json\/wp\/v2\/media?parent=3"}],"curies":[{"name":"wp","href":"https:\/\/api.w.org\/{rel}","templated":true}]}}